973 a composite number?
True
Is 11119687 prime?
True
Is 637282 a composite number?
True
Is 22790507 a prime number?
True
Is 312345701 composite?
False
Is 42018803 composite?
False
Is 423212077 a prime number?
True
Is 4580999 a prime number?
True
Is 292212623 a prime number?
True
Is 105077131 a prime number?
False
Is 12143941 composite?
True
Is 94212919 prime?
True
Is 276299245 prime?
False
Is 183319711 a prime number?
True
Is 2069641 prime?
False
Is 70937 prime?
True
Is 315248719 composite?
True
Is 3114931 a composite number?
False
Is 14262245 prime?
False
Is 387504043 a prime number?
True
Is 555463 composite?
True
Is 20351621 prime?
False
Is 1113061 composite?
True
Is 13022006 composite?
True
Is 1452001 prime?
False
Is 1152589 a composite number?
False
Is 3184642 a composite number?
True
Is 25600903 a composite number?
False
Is 105565063 a prime number?
False
Is 9910007 a prime number?
True
Is 81850967 a composite number?
True
Is 290847017 a composite number?
False
Is 182840069 prime?
True
Is 3751481 composite?
False
Is 139496839 a prime number?
False
Is 3654803 composite?
True
Is 517277 prime?
True
Is 180911 prime?
False
Is 3467929 a prime number?
True
Is 2327543 a prime number?
False
Is 5055187 prime?
False
Is 55994867 composite?
False
Is 1678998767 composite?
False
Is 3241627 a prime number?
True
Is 3267919 prime?
False
Is 1368043 a prime number?
False
Is 144185933 a composite number?
False
Is 12057697 prime?
False
Is 322147 a prime number?
False
Is 170704127 a composite number?
True
Is 6433433 composite?
True
Is 151247851 composite?
False
Is 38972309 a prime number?
True
Is 72014923 prime?
False
Is 5556497 a prime number?
False
Is 99754597 a composite number?
False
Is 2239627 a prime number?
False
Is 65035171 prime?
True
Is 541129 a prime number?
True
Is 79490741 a prime number?
False
Is 59039381 composite?
False
Is 56069189 a composite number?
True
Is 77897 a composite number?
True
Is 14449013 prime?
True
Is 39969143 a composite number?
False
Is 4349533 a prime number?
True
Is 13560583 composite?
False
Is 302633113 prime?
False
Is 1440287 prime?
False
Is 373030301 a composite number?
True
Is 3122573 a composite number?
True
Is 3642959 a prime number?
True
Is 3314911 a composite number?
True
Is 2225473 a composite number?
False
Is 268897373 prime?
True
Is 199550009 composite?
False
Is 6626069 a prime number?
True
Is 353532247 composite?
True
Is 6871393 prime?
False
Is 234380885 a prime number?
False
Is 10849747 prime?
True
Is 127228351 prime?
False
Is 19006037 composite?
False
Is 7988333 prime?
False
Is 20504429 a prime number?
False
Is 102806933 composite?
False
Is 6800737 composite?
False
Is 25822322 prime?
False
Is 453862385 prime?
False
Is 3613507 a prime number?
False
Is 7195051 a composite number?
False
Is 2319599 composite?
True
Is 205328891 a composite number?
False
Is 113963698 a prime number?
False
Is 611180873 a composite number?
False
Is 3832649 composite?
True
Is 44819785 a prime number?
False
Is 3404101 prime?
False
Is 16582 a composite number?
True
Is 22524397 a composite number?
True
Is 113459947 a prime number?
False
Is 461904461 prime?
False
Is 23150497 prime?
False
Is 1310345 composite?
True
Is 2851883 composite?
True
Is 825614261 composite?
False
Is 19462643 a prime number?
False
Is 27437743 a prime number?
True
Is 3172801 a prime number?
True
Is 75501367 a prime number?
True
Is 455237 a composite number?
False
Is 5915477 a composite number?
False
Is 7322333 a composite number?
True
Is 538177 a prime number?
False
Is 368320279 a prime number?
True
Is 313810033 a composite number?
False
Is 1788097 a composite number?
False
Is 57006917 a prime number?
False
Is 6186745 prime?
False
Is 13405585 composite?
True
Is 1026029 a prime number?
True
Is 29203631 composite?
False
Is 289521955 a composite number?
True
Is 1489357 composite?
True
Is 4703921 composite?
True
Is 5536059 prime?
False
Is 11109445 a composite number?
True
Is 189698633 prime?
True
Is 126219685 composite?
True
Is 2118929 prime?
False
Is 225278327 a prime number?
True
Is 6998791 composite?
True
Is 202069661 a composite number?
False
Is 274145 a composite number?
True
Is 4340029 a prime number?
False
Is 8584639 composite?
True
Is 2547209 a prime number?
False
Is 2471629 prime?
True
Is 1783643 prime?
True
Is 3024337 prime?
True
Is 1589281 a composite number?
False
Is 7401763 a prime number?
False
Is 119248271 a composite number?
False
Is 175834509 prime?
False
Is 696481241 prime?
True
Is 1843339 a composite number?
True
Is 5007791 a prime number?
True
Is 416441263 a prime number?
False
Is 5203459 prime?
False
Is 571901 a composite number?
True
Is 1149769 a prime number?
True
Is 1255997 prime?
True
Is 66822611 a composite number?
True
Is 195889493 composite?
True
Is 3324073 a prime number?
False
Is 15893021 a composite number?
False
Is 6029 composite?
False
Is 1999141 composite?
True
Is 67080647 a prime number?
True
Is 19688447 composite?
True
Is 1087294537 composite?
True
Is 4393157 composite?
True
Is 150049811 a prime number?
True
Is 732601 a prime number?
True
Is 6246341 prime?
True
Is 42926183 prime?
True
Is 207550051 prime?
False
Is 2371 composite?
False
Is 6576377 composite?
True
Is 169979497 a prime number?
False
Is 68053949 a prime number?
False
Is 2785519 prime?
False
Is 92444267 a prime number?
True
Is 2059685 composite?
True
Is 10490987 composite?
True
Is 18262891 a composite number?
False
Is 478063 a prime number?
True
Is 61011341 a composite number?
True
Is 97980697 a composite number?
True
Is 144782681 a composite number?
True
Is 3617813 a composite number?
False
Is 30800867 a prime number?
True
Is 5868847 a composite number?
True
Is 180548539 a prime number?
False
Is 66046159 a composite number?
True
Is 30657721 composite?
False
Is 33100973 a prime number?
False
Is 1365977 composite?
False
Is 8072299 composite?
True
Is 203219701 a prime number?
False
Is 12744427 a prime number?
False
Is 38181163 prime?
True
Is 298914271 prime?
True
Is 11073 prime?
False
Is 103043 a prime number?
True
Is 6313729 prime?
False
Is 351230513 a prime number?
False
Is 2018713 a composite number?
False
Is 465151 composite?
False
Is 1125739 composite?
False
Is 15310481 prime?
False
Is 92198159 prime?
True
Is 204580043 prime?
True
Is 311603 a prime number?
True
Is 12496321 a composite number?
False
Is 443476469 a composite number?
True
Is 14279173 composite?
False
Is 1950379 a prime number?
False
Is 16433117 a prime number?
False
Is 27082351 prime?
True
Is 91830161 a prime number?
True
Is 1027081 composite?
True
Is 604167 prime?
False
Is 152655847 a prime number?
False
Is 207069601 a composite number?
False
Is 31358059 composite?
True
Is 18841357 a prime number?
True
Is 17401583 a prime number?
True
Is 56408969 a prime number?
True
Is 242973217 a composite number?
True
Is 110958199 a prime number?
False
Is 3829723 prime?
False
Is 240918127 a prime number?
True
Is 91367 composite?
False
Is 36712861 a prime number?
True
Is 48292613 composite?
True
Is 27539773 composite?
False
Is 209081051 composite?
True
Is 17376137 a composite number?
False
Is 54212359 composite?
False
Is 2533031965 composite?
True
Is 9488597 prime?
False
Is 24172229 prime?
False
Is 10286663 prime?
False
Is 3750281 a composite number?
True
Is 801301 prime?
True
Is 116108233 a composite number?
False
Is 3649673 a prime number?
False
Is 141555697 a composite number?
False
Is 4980523 composite?
True
Is 5909473 a prime number?
True
Is 55769321 a prime number?
False
Is 7338865 a prime number?
False
Is 45617801 a composite number?
False
Is 38227369 a composite number?
True
Is 728802895 composite?
True
Is 318629 prime?
True
Is 18119861 composite?
True
Is 14608091 composite?
False
Is 27317821 a prime number?
False
Is 425936557 composite?
False
Is 12907541 a composite number?
False
Is 9011399 composite?
True
Is 13400551 a prime number?
True
Is 9853481 a composite number?
True
Is 6932581 composite?
False
Is 135815809 composite?
True
Is 5376713 composite?
False
Is 113014669 composite?
True
Is 180031 a composite number?
True
Is 412505185 composite?
True
Is 82295093 a prime number?
True
Is 9911399 a composite number?
False
Is 8016971 a composite number?
True
Is 1053155 a prime number?
False
Is 134907151 composite?
Fal